00/(-40)*-2*(-20)/i. Calculate the highest common factor of s and 10.
10
Suppose 4 = u - 0*u. Suppose 0 = 3*z - 7*z + 100. Suppose -g - 2*o - 8 = -1, z = 5*g - 5*o. What is the greatest common divisor of u and g?
1
Let s(j) = 2*j**2 + 3*j + 2. Let y be s(-5). Let x = 123 + -86. What is the highest common factor of y and x?
37
Let i = -2820 + 2868. Calculate the highest common divisor of 444 and i.
12
Let u = -318 - -327. What is the greatest common factor of 1611 and u?
9
Let r = 29 + -11. What is the highest common divisor of 432 and r?
18
Let r = -263 - -319. Let j be (-3)/(-2)*(1 + 1). Suppose 0 = j*o - 42. Calculate the greatest common factor of r and o.
14
Let x(f) = 8*f**2 - 7*f + 16. Let v be x(3). Calculate the greatest common divisor of v and 67.
67
Suppose 14 = 5*a + 2*s - 904, 2*a - s - 369 = 0. Calculate the greatest common factor of a and 138.
46
Let z = -196 + 276. Let f(q) = 3*q - 1. Let m = -15 - -18. Let o be f(m). What is the greatest common factor of o and z?
8
Suppose -76*u - 66 = -77*u. What is the greatest common divisor of u and 24?
6
Let s(c) = c**2 + 6*c - 22. Let t be s(-9). Suppose -5*g - 49 = -2*n - 0, t*g - 5 = 0. Calculate the greatest common divisor of n and 18.
9
Let a(v) = 3*v**2 - 16*v - 13. Let t be a(-4). What is the highest common divisor of t and 9?
9
Let v = 2093 + -2041. Calculate the highest common factor of 91 and v.
13
Suppose -486 + 112 = -2*o. Let w be (10 + 213/(-6))*(-6)/9. What is the greatest common divisor of w and o?
17
Let v = 85 + -19. Suppose 235*d - v = 232*d. Calculate the greatest common factor of 11 and d.
11
Suppose 0 = -5*u + 4*j - 28 - 12, -u - 19 = -3*j. Let x be (-1 - -13)*(-1)/u. Suppose -2*l - x = -3*l. What is the greatest common factor of 21 and l?
3
Let s(c) = -c**2 + 6*c + 13. Let b be s(9). Let v = b - -4. Let t be (-298)/v - 3/(-15). Calculate the highest common factor of 10 and t.
10
Let n be (-56)/(-14) + 32/2. Let o = -20 + 25. What is the highest common divisor of o and n?
5
Suppose -4*y + 18 - 3 = x, -x + 6 = y. Suppose -71 = -5*t - 0*t + 4*k, 2*k - 25 = -y*t. What is the highest common divisor of 88 and t?
11
Suppose 0*c + 2*c = 0. Suppose c = -u + 8*u - 385. Let k(b) = b**3 + 2*b**2 - 4*b - 3. Let w be k(-2). What is the greatest common divisor of u and w?
5
Suppose 3*p + 2*v = 4*v + 24, -v = -4*p + 27. Let d be (14 - 4)*(-2)/4. Let s be ((-12)/10)/(d/125). Calculate the highest common factor of p and s.
6
Let h be (-10)/(-2)*(-28)/5 - -1. Let d = h - -43. What is the highest common divisor of 48 and d?
16
Let l be 9/3 - 6/2. Let b be l + (-4 - -3)*-2. Suppose 6*a - 2 = -3*d + b*a, -2*d + 8 = a. What is the highest common factor of d and 6?
6
Let q(c) = c**3 - 17*c**2 + 20*c - 19. Suppose 18*y - 19*y = -8. Let u = 8 + y. Let a be q(u). What is the highest common factor of a and 30?
15
Let s = -32 - -36. Suppose -4*z - s*w + 16 = 0, -3*z = 2*z - w - 44. What is the greatest common divisor of z and 72?
8
Let t(w) = w**2 + 32*w + 97. Let i be t(-28). Suppose -4*b - 90 = b. Let a be (-669)/i + b/30. Calculate the highest common factor of 4 and a.
4
Suppose -i + 357 = v + i, 5*v - 4*i = 1841. Let p = -575 + v. Let w be 4/6*p/(-20). Calculate the highest common divisor of w and 35.
7
Let d(p) = 8*p - 1. Suppose o + 2*o + m = 40, -o - m + 16 = 0. Let f be d(o). Calculate the greatest common divisor of f and 19.
19
Suppose 107*d - 131*d = -1248. Calculate the highest common factor of 234 and d.
26
Let d = 0 - -15. Suppose -3*s - 15 = -24. Calculate the greatest common divisor of s and d.
3
Suppose -2*j - 4*r + 12 = 0, -11*j + 3*r + 24 = -7*j. Suppose 3*z + 36 = 6*z. Calculate the greatest common divisor of j and z.
6
Suppose 0 = 15*h - 32 - 658. Calculate the highest common factor of h and 414.
46
Suppose -40 = -5*u + 2*d - 6*d, 3*u - 5*d = 24. Let a = 348 + -324. Calculate the highest common factor of a and u.
8
Suppose x = -x. Suppose d = 4*a - x*d + 161, -d = -5*a - 201. Let s be 8/(a/(-165)) - 3. What is the greatest common divisor of s and 120?
30
Suppose -3*q = 6*z - 8*z + 66, 2*z + q - 82 = 0. What is the highest common divisor of z and 15?
3
Let v be (1*-1*240)/(27/(-18)). Calculate the greatest common factor of v and 120.
40
Let i be (-2 + 0)*(-6)/4. Suppose -12 - 66 = -i*w. Calculate the greatest common divisor of 286 and w.
26
Suppose 2*i = 11 + 3. Let g = i - 5. Suppose 12 = 6*v - g*v. Calculate the greatest common factor of 3 and v.
3
Let w(u) = u + 3. Let q be w(-5). Let a be (16/q)/4 + 58. Let d = -16 + a. Calculate the highest common factor of 16 and d.
8
Suppose -4*a + 60 = x, -3*a = 3*x - 2*x - 64. Let b = -160 + 179. What is the highest common divisor of b and x?
19
Suppose o + 10 = 3*m, 2*m - 2 - 2 = 2*o. Let b be 4/(-5)*(108/(-8) - m). Calculate the highest common divisor of b and 2.
2
Let i be (-3157)/(-56) + (-6)/16. Calculate the highest common divisor of i and 42.
14
Let m(l) = 2*l**3 - 3*l**2 - 9*l + 21. Let w be m(2). What is the greatest common divisor of 497 and w?
7
Let s(m) = -m**3 + 4*m**2 + 47*m - 9. Let c be s(9). What is the highest common factor of 240 and c?
3
Suppose 0*c = 5*c + 265. Let s = c + 107. Let a(w) = -w + 73. Let n be a(-8). What is the highest common factor of n and s?
27
Let l(y) = y**3 - 9*y**2 - y - 10. Let w be l(9). Let r = 31 + w. What is the greatest common factor of 60 and r?
12
Suppose -20 = -2*x - 2*x, -4*r + 4*x = -200. Suppose -3 + 4 = -k - 3*v, -6 = -2*v. Let i be (88/k)/(4/(-30)*3). Calculate the highest common factor of r and i.
11
Let z(g) be the second derivative of 3*g**5/20 - g**4/6 - g**3/6 + g**2 + 8*g. Let k be z(2). Calculate the greatest common factor of k and 4.
4
Let t be 2750/16 + (-12 - (-679)/56). What is the greatest common divisor of 258 and t?
86
Suppose 0 = -2*p - 2*p + 24. Let z be 1344/(-8736) + 197/13. What is the greatest common factor of z and p?
3
Let z = 4 - 1. Let n(f) = 20*f**2 + 118*f - 3. Let x be n(-6). Calculate the greatest common divisor of z and x.
3
Let u(j) be the third derivative of 0*j + 5/6*j**3 - 1/60*j**5 - j**2 + 7/24*j**4 + 0. Let i be u(6). What is the highest common factor of i and 88?
11
Suppose 5*b + 5 = 0, z - 6*b = -5*b + 6. Suppose -4*p + 72 = 2*w, -3*w + 5*p - 68 = -z*w. Calculate the greatest common factor of w and 11.
11
Let m(i) = 3*i - 129. Let b be m(46). What is the highest common factor of b and 33?
3
Let h be (-417)/(-9) + 1/(-3). Suppose -z + 5*z = -4*d + 100, 0 = -4*d - 3*z + 97. Suppose 24 = 2*i - d. What is the highest common factor of h and i?
23
Suppose 4*r + 2*s + 1504 = 0, -6*r + r - 2*s - 1882 = 0. Let v be (2/(-6))/(9/r). Calculate the highest common divisor of v and 21.
7
Suppose 0 = 21*h - 11566 - 5570. Calculate the highest common divisor of h and 51.
51
Suppose 0 = -i - 2*r + 92, -5*i - r = -i - 354. Let a = 8 + -4. Let t(x) = x**2 - 5. Let y be t(a). What is the highest common factor of y and i?
11
Suppose 10*l + 3342 + 2728 = 0. Let c = l + 1055. Calculate the highest common factor of c and 56.
56
Let u(k) be the third derivative of -k**5/60 - 5*k**4/12 + k**3 - 14*k**2. Let d be u(-10). Calculate the highest common factor of d and 6.
6
Suppose 2*q + 5*o = 303, 0*q = 2*q + o - 291. What is the greatest common divisor of q and 12?
12
Suppose -4*w = 20, 3*z + 0 = -2*w - 4. Suppose q = -s + z + 3, 2*s - 4*q - 40 = 0. Let t = -165 + 245. What is the highest common factor of s and t?
10
Let l(o) = -4*o**3 - 6. Let y be l(-2). Let h be ((-18)/5)/((-4)/260). Calculate the greatest common factor of h and y.
26
Let b = 237 - -113. Calculate the highest common factor of 42 and b.
14
Let b(u) = -6*u**2 + 14*u - 17. Let l(j) = 7*j**2 - 14*j + 17. Let i(a) = -6*b(a) - 5*l(a). Let m be i(14). What is the greatest common factor of m and 17?
17
Let h be (-4257)/33*29/(-3). Calculate the highest common divisor of 29 and h.
29
Suppose -465 - 575 = -10*w. Suppose 5*d + w = 2*m + m, -3*d = 4*m - 100. What is the highest common divisor of m and 112?
28
Let z(a) = 19*a + 1. Let j be z(2). Let r = 260 - 247. Calculate the greatest common divisor of r and j.
13
Suppose 9 = 5*n - r, -2*n + 1 = -3*r - 0*r. Calculate the highest common divisor of 34 and n.
2
Let l(c) = -9*c + 22. Let v be l(-6). Let x = 114 - v. Suppose w - 90 = -5*z, -5*w = -3*z + 21 + 61. C